35 a multiple of 9?
False
Is 59 a factor of 17047991?
True
Is 25443404 a multiple of 1138?
True
Does 44 divide 2360104832?
False
Is 845 a factor of 837024836?
False
Does 2001 divide 992055780?
True
Is 765723157 a multiple of 231?
False
Is 5610710 a multiple of 37?
False
Does 14 divide 909626553?
False
Is 1052161057 a multiple of 150?
False
Does 2463 divide 54848547?
True
Is 11725155 a multiple of 258?
False
Is 236678863 a multiple of 694?
False
Is 144 a factor of 25607952?
True
Is 7 a factor of 149878540?
True
Is 7923185 a multiple of 47?
False
Is 339 a factor of 49378062?
True
Does 12 divide 87339391?
False
Does 525 divide 82848716?
False
Is 406347260 a multiple of 170?
True
Is 39795184 a multiple of 1804?
False
Is 827803125 a multiple of 375?
True
Is 158064004 a multiple of 686?
True
Does 293 divide 289505884?
False
Does 11 divide 16591388?
True
Does 35 divide 18516120?
True
Does 3103 divide 47119328?
False
Is 10919 a factor of 2392953445?
True
Is 255507260 a multiple of 10?
True
Does 484 divide 113342152?
True
Is 7957 a factor of 143584065?
True
Is 296 a factor of 78265064?
True
Is 1324225431 a multiple of 3309?
False
Is 149951393 a multiple of 72?
False
Is 61646998 a multiple of 1583?
False
Is 36676772 a multiple of 44?
True
Is 709 a factor of 133835094?
True
Does 189 divide 343590183?
False
Is 45415013 a multiple of 1130?
False
Is 32 a factor of 34826021?
False
Is 171 a factor of 6432956?
False
Is 165962004 a multiple of 26?
True
Is 115 a factor of 203579071?
False
Is 2206980 a multiple of 27?
True
Is 6 a factor of 512734298?
False
Is 3178283710 a multiple of 14?
True
Is 24 a factor of 56842968?
True
Is 221346057 a multiple of 69?
False
Is 21520095 a multiple of 241?
True
Is 7101689 a multiple of 39?
False
Does 16 divide 274544?
True
Does 16 divide 93723599?
False
Does 89 divide 64178024?
False
Is 460 a factor of 171160436?
False
Is 17 a factor of 636945188?
True
Is 578 a factor of 201317978?
True
Does 36 divide 1063074924?
True
Is 4888671 a multiple of 125?
False
Does 149 divide 70040579?
True
Does 472 divide 73615957?
False
Is 169 a factor of 1055334696?
True
Is 95090854 a multiple of 2997?
False
Is 2 a factor of 64854173?
False
Does 19 divide 75154234?
True
Is 59479006 a multiple of 13?
False
Is 44 a factor of 526135369?
False
Is 6911849 a multiple of 427?
True
Is 43374576 a multiple of 56?
True
Is 140845330 a multiple of 1949?
False
Is 56 a factor of 14079599?
False
Is 49 a factor of 107469103?
True
Does 35 divide 42336105?
True
Is 449914919 a multiple of 151?
True
Is 1858496889 a multiple of 141?
True
Does 30 divide 2072997960?
True
Does 6 divide 259904207?
False
Does 3700 divide 36977800?
True
Does 69 divide 174054777?
True
Is 35 a factor of 84334721?
False
Is 9142416 a multiple of 432?
True
Is 540201650 a multiple of 82?
True
Is 166085920 a multiple of 1037?
True
Is 102 a factor of 59570610?
False
Is 802 a factor of 2487809614?
True
Is 133 a factor of 42757505?
True
Is 1623613232 a multiple of 38?
True
Is 625481688 a multiple of 1196?
True
Is 91823417 a multiple of 193?
True
Does 10 divide 1358816377?
False
Is 15224247 a multiple of 372?
False
Is 719906759 a multiple of 957?
False
Is 429936072 a multiple of 508?
False
Is 985710 a multiple of 435?
True
Is 67682559 a multiple of 17?
True
Does 241 divide 41652796?
False
Does 189 divide 11650849?
False
Is 19 a factor of 154709571?
True
Is 237 a factor of 16693332?
True
Does 3419 divide 682067250?
False
Is 49 a factor of 486429?
False
Is 17172036 a multiple of 252?
True
Is 10 a factor of 35698855?
False
Is 15 a factor of 173370?
True
Is 186396616 a multiple of 14?
True
Is 10 a factor of 85186055?
False
Is 923535145 a multiple of 149?
False
Is 2494620 a multiple of 60?
True
Is 117050304 a multiple of 544?
True
Is 2551 a factor of 18038447?
False
Is 69 a factor of 72796156?
False
Is 21 a factor of 12798736?
False
Is 7 a factor of 10638845?
True
Does 8 divide 2349295684?
False
Is 546 a factor of 82027162?
False
Does 10 divide 145774938?
False
Is 982375130 a multiple of 23?
False
Is 90878612 a multiple of 4036?
True
Is 32 a factor of 534486473?
False
Is 610515274 a multiple of 248?
False
Is 1685720173 a multiple of 39?
False
Is 239 a factor of 576386209?
False
Is 91 a factor of 36810883?
False
Is 6524 a factor of 369035394?
False
Is 641729529 a multiple of 350?
False
Does 754 divide 3810952?
False
Is 100255344 a multiple of 84?
True
Is 41995681 a multiple of 6?
False
Is 86014665 a multiple of 99?
True
Is 367 a factor of 12762425?
True
Does 128 divide 2098227?
False
Is 6040 a factor of 46562360?
True
Is 2369979036 a multiple of 18?
True
Is 58800079 a multiple of 35?
False
Is 57792756 a multiple of 49?
True
Is 470 a factor of 418949682?
False
Is 19 a factor of 37280292?
False
Is 2581042553 a multiple of 2867?
True
Is 1482 a factor of 86295378?
True
Is 8193141 a multiple of 64?
False
Is 369474201 a multiple of 4197?
False
Does 2804 divide 85998680?
True
Is 275652366 a multiple of 1298?
True
Is 404550683 a multiple of 1596?
False
Is 50 a factor of 501007589?
False
Is 226612562 a multiple of 4?
False
Is 122 a factor of 1208163926?
True
Is 24 a factor of 310862184?
True
Is 18264426 a multiple of 482?
True
Does 35 divide 3557424?
False
Is 9 a factor of 126583592?
False
Is 58 a factor of 2164710162?
True
Does 6108 divide 113453422?
False
Is 193864 a multiple of 154?
False
Does 1242 divide 258594059?
False
Is 5816 a factor of 860651680?
True
Does 1054 divide 28051156?
True
Is 155 a factor of 3962912?
False
Does 3728 divide 297535408?
True
Does 97 divide 207386?
True
Is 394227 a multiple of 6?
False
Does 819 divide 937929132?
False
Is 664299990 a multiple of 4041?
True
Is 72211210 a multiple of 5?
True
Is 210033641 a multiple of 432?
False
Is 28 a factor of 763715592?
False
Does 30 divide 394551390?
True
Does 274 divide 39289400?
False
Is 15124318 a multiple of 1034?
True
Is 2232 a factor of 307571031?
False
Is 106996652 a multiple of 3?
False
Does 3 divide 58798835?
False
Is 1734 a factor of 5194974709?
False
Does 102 divide 22414500?
True
Is 6463 a factor of 386274121?
True
Is 167 a factor of 73198939?
True
Does 206 divide 19769696?
False
Is 196 a factor of 11862312?
True
Is 245757375 a multiple of 3?
True
Does 287 divide 305697763?
True
Is 143376779 a multiple of 283?
False
Is 60824523 a multiple of 191?
True
Does 656 divide 867008271?
False
Is 4502087 even?
False
Is 178174809 a multiple of 26?
False
Is 374673936 a multiple of 4368?
True
Does 43 divide 11799415?
True
Is 119 a factor of 15825629?
False
Does 2 divide 50862554?
True
Does 13 divide 257653968?
True
Is 138783384 a multiple of 18?
True
Is 2885 a factor of 163140861?
False
Does 24 divide 745190362?
False
Is 4569849172 a multiple of 5938?
True
Does 707 divide 11155640?
False
Does 31 divide 26236883?
False
Is 23 a factor of 304605641?
False
Is 1504 a factor of 466079072?
True
Does 910 divide 99343130?
False
Is 1096 a factor of 430090375?
False
Is 69 a factor of 66471426?
True
Is 17002970 a multiple of 10?
True
Does 203 divide 31111780?
True
Is 2575077044 a multiple of 146?
True
Is 7494 a factor of 1097112240?
False
Does 58 divide 514139608?
True
Is 250 a factor of 1041000?
True
Is 210194784 a multiple of 1186?
False
Is 632 a factor of 282792192?
True
Is 369758559 a multiple of 15?
False
Is 28 a factor of 319177?
False
Is 864055968 a multiple of 24?
True
Is 3382 a factor of 1582080715?
False
Does 173 divide 13494636?
False
Is 1297346228 a multiple of 17?
True
Is 124152195 a multiple of 1095?
True
Is 2843 a factor of 123136016?
True
Is 48 a factor of 39849600?
True
Is 479 a factor of 3323346068?
True
Is 158 a factor of 49495396?
True
Does 1813 divide 30055150?
False
Is 768893166 a multiple of 61?
True
Is 32 a factor of 4188037199?
False
Does 230 divide 55732450?
True
Is 212 a factor of 193848462?
False
Is 648 a factor of 1653880680?
True
Does 193 divide 6774430?
False
Is 364 a factor of 310323468?
True
Is 65 a factor of 119186275?
True
Is 23 a factor of 482265426?
True
Does 9 divide 36051737?
False
Is 3 a factor of 3080103?
True
Is 4677201394 a multiple of 4316?
False
Does 2 divide 1513629?
False
Is 5131 a factor of 3504832?
False
Is 205368192 a multiple of 1152?
True
Is 120641080 a multiple of 204?
False
Does 1703 divide 81844477?
True
